3 - 3*d**2 - 571*d - 497. Give u(26).
205
Let x(b) = 18776*b - 225215. Give x(12).
97
Let c(d) = -55*d**2 + 7149*d + 822. Determine c(130).
692
Let o(k) = -9*k**2 + 81*k + 628. Give o(18).
-830
Let g(c) = -c**3 - 2178*c**2 - 937916*c + 565. Calculate g(-591).
-26
Let a(x) = -12*x**3 - 68*x**2 + 82*x + 404. Calculate a(-6).
56
Let u(d) = -10*d**2 - 101*d - 205. Determine u(-3).
8
Let l(v) = -1218*v - 19333. Calculate l(-16).
155
Let x(d) = -34*d**2 - 232*d + 736. What is x(-8)?
416
Let c(v) = -7887*v - 591556. Determine c(-75).
-31
Let t(d) = -74*d + 4016. What is t(55)?
-54
Let n(d) = -235*d**2 - 3283*d + 72. Calculate n(-14).
-26
Let v(d) = -3*d**2 + 150*d - 1164. Calculate v(9).
-57
Let q(x) = x**3 - 25*x**2 - 136*x + 2926. Determine q(26).
66
Let n(q) = -q**3 + 139*q**2 - 4*q + 19946. What is n(140)?
-214
Let z(c) = 332*c**2 - 353*c - 618. Calculate z(2).
4
Let d(q) = 2*q**3 - 150*q**2 - 61*q + 6971. Determine d(75).
2396
Let y(w) = -68*w + 10798. Calculate y(156).
190
Let x(f) = 4*f**3 + 25*f**2 - 236*f + 34. Calculate x(9).
2851
Let r(h) = -2136036*h + 38448654. Determine r(18).
6
Let m(a) = -203*a**2 - 575*a - 36. Give m(-3).
-138
Let m(n) = 7720*n - 8032. Calculate m(1).
-312
Let v(r) = r**3 - 115*r**2 + 491*r - 5227. Give v(111).
-10
Let g(f) = 3829*f - 2328041. Determine g(608).
-9
Let t(s) = -165*s**2 - 24581*s + 369. What is t(-149)?
-227
Let q(g) = g**3 - 1112*g**2 + 11193*g - 190599. What is q(1102)?
47
Let c(k) = 29527*k + 206809. Determine c(-7).
120
Let k(s) = -3*s**2 - 42*s + 818. Give k(11).
-7
Let d(x) = -x**3 + 50*x**2 - 177*x - 262. Calculate d(46).
60
Let c(b) = b**2 + 119*b - 7577. Determine c(-154).
-2187
Let p(h) = -382*h + 19129. Calculate p(50).
29
Let k(i) = -335*i + 19080. What is k(57)?
-15
Let i(o) = -22*o**2 + 92*o + 4128. Calculate i(0).
4128
Let h(p) = -157510*p + 472535. What is h(3)?
5
Let y(u) = -105*u**2 - 208*u + 270. Determine y(1).
-43
Let c(w) = -6*w**3 + 186*w**2 - 360*w + 112. Calculate c(29).
-236
Let b(n) = 73*n**2 + 1159*n + 5758. Determine b(-5).
1788
Let m(b) = -5*b**3 - 391*b**2 - 81*b - 168. Give m(-78).
66
Let n(r) = 44*r**2 + 2291*r + 170. Calculate n(-52).
14
Let o(f) = -2*f**2 - 218*f + 4796. Give o(24).
-1588
Let t(i) = -130059*i + 260123. Calculate t(2).
5
Let x(z) = 8*z**2 + 292*z + 123. Determine x(-29).
-1617
Let p(s) = -1565874*s + 14092859. Determine p(9).
-7
Let a(m) = -8*m**2 + 491*m + 2111. What is a(64)?
767
Let k(n) = -3470*n - 18568. What is k(-5)?
-1218
Let x(j) = -298316*j - 19390545. Calculate x(-65).
-5
Let n(o) = 3*o**2 - 3897*o - 19537. What is n(-5)?
23
Let i(m) = m**3 - 166*m**2 - 21*m + 3592. What is i(166)?
106
Let f(z) = z**2 + 1655*z + 18159. What is f(-11)?
75
Let j(c) = 5*c**3 - 29*c**2 + 75*c. What is j(4)?
156
Let a(q) = 14*q**2 - 345*q + 1389. Determine a(5).
14
Let j(l) = 164*l + 25061. Calculate j(-154).
-195
Let t(u) = -10746*u - 462091. Calculate t(-43).
-13
Let j(w) = 9*w**3 - 1942*w**2 - 429*w + 244. Determine j(216).
892
Let d(y) = -y**3 + 7*y**2 + 3080*y + 595. Calculate d(-52).
-29
Let k(g) = -7019*g - 659783. Determine k(-94).
3
Let y(r) = 4*r**3 - 2*r**2 + 1323*r + 169. What is y(0)?
169
Let g(n) = 2*n**2 + 307*n + 3392. Give g(-141).
-133
Let j(g) = -10444*g + 365382. What is j(35)?
-158
Let h(y) = 143*y**2 + 1308*y - 4909. Calculate h(-12).
-13
Let x(i) = -i**3 + 31*i**2 - 465*i + 5116. Give x(13).
2113
Let p(j) = 690*j**2 + 1368*j - 1366. What is p(1)?
692
Let q(f) = -107907*f + 28163717. Determine q(261).
-10
Let z(s) = 10707*s - 10000335. Calculate z(934).
3
Let w(k) = -k**2 - 2286*k + 3617562. Determine w(1076).
50
Let f(o) = 3*o**3 + 155*o**2 - 306*o - 20810. Give f(-51).
-2
Let b(t) = -3*t**3 + 186*t - 4933. Calculate b(0).
-4933
Let c(v) = 2*v**2 + 816*v + 19774. Determine c(-26).
-90
Let x(v) = 332036*v - 2324230. Give x(7).
22
Let i(o) = 2*o**3 - 33*o**2 - 45*o + 265. Determine i(14).
-1345
Let j(z) = -2353*z - 272938. Give j(-116).
10
Let w(k) = -1497*k + 142166. Give w(95).
-49
Let a(w) = -1489*w + 67658. Give a(46).
-836
Let z(n) = 5*n**2 + 124*n + 36. Determine z(0).
36
Let s(i) = -i**3 + 61*i**2 - 701*i - 289. Determine s(46).
-795
Let p(f) = 138*f**2 + 6910*f + 454. Calculate p(-50).
-46
Let b(q) = 1973*q - 6988. What is b(3)?
-1069
Let h(a) = a**2 + 3711*a - 78305. Determine h(21).
67
Let f(k) = k**3 + 508*k**2 - 4094*k + 17548. Give f(-516).
4
Let j(y) = 4*y**3 + 6520*y**2 + 45441*y - 4876. Calculate j(-1623).
-7
Let y(g) = 2*g**2 - 11857*g - 973550. Determine y(-81).
-11
Let s(u) = u**3 - 329*u**2 + 5601*u - 579. Calculate s(311).
354
Let w(t) = 4*t**3 + 2*t**2 + 304*t + 11. Determine w(0).
11
Let p(x) = 2*x**2 - 3739*x + 1010002. Calculate p(1542).
-8
Let d(u) = 2*u**3 - 738*u**2 + 639*u + 35691. Give d(368).
-5
Let i(t) = -2*t**3 - 68*t**2 + 164*t + 3311. Give i(-35).
21
Let l(t) = 38343*t + 5176338. Determine l(-135).
33
Let d(o) = 16616*o - 116308. Determine d(7).
4
Let v(b) = 8*b**2 - 719*b - 2996. Calculate v(-4).
8
Let p(o) = 614007*o - 2456028. Calculate p(4).
0
Let z(f) = -4765*f - 14467. Calculate z(-3).
-172
Let f(i) = 911*i + 14596. What is f(-18)?
-1802
Let o(p) = -942*p + 6398. Calculate o(7).
-196
Let z(t) = -3*t**3 + 152*t**2 - 526*t + 422. Give z(47).
-1
Let u(y) = -7992*y + 63881. Calculate u(8).
-55
Let b(x) = 7825*x + 23281. Determine b(-3).
-194
Let m(y) = -5*y**2 + 61*y - 233. Calculate m(4).
-69
Let m(f) = 28011*f - 194. Determine m(0).
-194
Let p(k) = -135*k + 11924. What is p(88)?
44
Let n(f) = -210*f - 56275. Determine n(-268).
5
Let a(h) = h**3 - 19*h**2 + 12*h - 1734. Determine a(18).
-1842
Let f(m) = -3*m**2 - 87*m + 2486. Calculate f(-60).
-3094
Let m(g) = -11145*g + 490488. Determine m(44).
108
Let m(d) = -d**3 - 38*d**2 + 159*d - 293. Determine m(-42).
85
Let c(x) = -x**3 + 100*x**2 - 838*x + 109. What is c(9)?
-62
Let h(b) = 1516*b + 13475. Calculate h(-9).
-169
Let i(q) = -1437*q - 14586. Determine i(-10).
-216
Let k(c) = c**2 + 948*c + 21269. What is k(-23)?
-6
Let l(x) = 967*x + 443. Give l(0).
443
Let h(m) = -98020*m + 980170. Give h(10).
-30
Let x(n) = -n**3 + 166*n**2 + 1178*n + 5668. Determine x(173).
-41
Let l(d) = d**2 + 47*d - 125. Give l(8).
315
Let i(o) = 26*o**2 + 1119*o - 77026. Give i(37).
-29
Let n(f) = -68*f**2 - 532*f + 2358. Calculate n(-11).
-18
Let d(f) = 45*f**2 - 69593*f + 69590. Calculate d(1).
42
Let a(s) = -377728*s + 2266374. Determine a(6).
6
Let r(d) = -430608*d + 861228. Give r(2).
12
Let g(s) = -779*s - 44947. Calculate g(-57).
-544
Let v(p) = -3155*p + 378664. Calculate v(120).
64
Let l(d) = -2*d**2 - 723*d + 21819. Determine l(28).
7
Let t(d) = 12250*d + 1396485. Calculate t(-114).
-15
Let f(m) = -2*m**3 - 55*m**2 + 1259*m + 241. Determine f(15).
1
Let k(y) = -11*y**2 - 535*y + 79982. Calculate k(-113).
-22
Let j(l) = -l**3 - 62*l**2 - 741*l + 1086. Determine j(-45).
6
Let s(t) = -15*t**3 - 1432*t**2 - 728*t - 5960. Calculate s(-95).
25
Let p(k) = -115*k**2 + 1011*k - 17. Give p(9).
-233
Let a(v) = -9380*v - 84473. What is a(-9)?
-53
Let d(g) = -617*g**2 - 2838*g + 1210. Determine d(-5).
-25
Let j(v) = 10*v**2 + 3837*v + 17883. Calculate j(-379).
70
Let c(z) = 724*z - 363446. Give c(502).
2
Let c(z) = 4*z**2 - 2931*z - 41868. Determine c(-14).
-50
Let l(i) = 14*i**2 + 18*i + 91. Calculate l(-18).
4303
Let l(v) = v**3 - 144*v**2 - 442*v + 389. Determine l(147).
242
Let r(o) = -o**2 - 609*o - 79277. What is r(-188)?
-129
Let v(a) = a**3 - 516*a**2 - 14475*a - 101004. Give v(543).
-6
Let h(r) = -703*r + 11285. Calculate h(16).
37
Let i(d) = -d**3 + 10*d**2 + 39*d + 55. Give i(0).
55
Let y(f) = 3*f**3 - 9*f**2 - 503*f - 1005. Determine y(-2).
-59
Let u(y) = 8191*y + 7584825. What is u(-926)?
-41
Let h(i) = 12*i**2 - 668*i + 360. Determine h(55).
-80
Let v(s) = -96256*s - 37924861. Calculate v(-394).
3
Let q(x) = 2*x**3 + 15*x**2 + 855*x - 6942. Determine q(8).
1882
Let c(f) = -127193*f - 11956160. Give c(-94).
-18
Let r(b) = 2*b**2 - 1079*b + 82944. What is r(93)?
-105
Let k(u) = -u**3 - 41*u**2 + 332*u - 252. Give k(-48).
-60
Let z(v) = -10247*v - 51081. Give z(-5).
154
Let p(s) = 60*s**2 + 6233*s - 763. Give p(-104).
-35
Let c(g) = -435597*g - 2613793. Determine c(-6).
-211
Let g(n) = 79*n**2 + 2019*n + 6816. Give g(-4).
4
Let a(o) = 837*o + 8634. What is a(-10)